{"id":489,"date":"2016-02-07T15:04:32","date_gmt":"2016-02-07T14:04:32","guid":{"rendered":"http:\/\/web-server\/wordpress\/?page_id=489"},"modified":"2016-02-07T15:04:32","modified_gmt":"2016-02-07T14:04:32","slug":"orthophotos","status":"publish","type":"page","link":"https:\/\/h2844705.stratoserver.net\/?page_id=489","title":{"rendered":"Orthophotos"},"content":{"rendered":"<p>Sie ben\u00f6tigen verzerrungsfreie, hochaufl\u00f6sende Luftbilder als Kartengrundlage, als Basisdaten f\u00fcr GIS oder als Marketinginstrument?<\/p>\n<p>Dann wenden Sie sich an uns. Wir bieten hochwertige Orthophotos, die auf Grund der Qualit\u00e4t der Kamera und der geringen Flugh\u00f6he hochaufl\u00f6send, farbecht und detailgetreu sind. Im Gegensatz zu der klassischen Luftbildauswertung, wo jedes Luftbild einzeln entzerrt wird, werden hier ganze Bilderreihen als Einheit bearbeitet. Bei der Einzelbildauswertung besteht der Nachteil, dass sich Verzerrungen verst\u00e4rken, je weiter diese vom Bildmittelpunkt vorhanden sind. Dies kann man z. B. daran sehen, dass man die Fassade eines am Bildrand liegenden Geb\u00e4udes sehen kann, obwol die Geb\u00e4udeecken am Boden und am Dach eigentlich \u00fcbereinander liegen sollten.<br \/>\nSogenannte True-Orthophotos weisen diesen Nachteil der Zentralperspektive nicht auf. Wir berechnen diese indem wir zun\u00e4chst die Punktwolke erstellen und diese dann auf die Abbildungsebene zur\u00fcckprojezieren. Dies ist auch n\u00f6tig, weil auf Grund der geringen Flugh\u00f6he die Verzerrungen bei der Einzelbildauswertung sehr hoch w\u00e4ren.<br \/>\nDie True-Orthofotos k\u00f6nnen in verschiedene Koordinatensysteme georeferenziert werden, sodass diese mit Ihrem vorhandenen Datenbestand kompatibel sind. Sie k\u00f6nnen auch von einem True-Orthophoto entsprechende Karten abdigitalisieren.<\/p>\n<p>Sollten Sie sowohl ein 3D Modell als auch 3D True-Orthofotos ben\u00f6tigen so kann die vor Ort-Aufnahme f\u00fcr beide F\u00e4lle genutzt werden.<\/p>\n<p><a href=\"https:\/\/gallery.lb-id.de\/web\/Steinbruch_medium.jpg\" target=\"_blank\" rel=\"noopener\"> <img loading=\"lazy\" decoding=\"async\" src=\"https:\/\/h2844705.stratoserver.net\/wp-content\/uploads\/2016\/11\/Steinbruch_small-300x258.jpg\" alt=\"steinbruch_small\" width=\"600\" height=\"516\" class=\"alignnone size-medium wp-image-670\" srcset=\"https:\/\/h2844705.stratoserver.net\/wp-content\/uploads\/2016\/11\/Steinbruch_small-300x258.jpg 300w, https:\/\/h2844705.stratoserver.net\/wp-content\/uploads\/2016\/11\/Steinbruch_small-1024x879.jpg 1024w, https:\/\/h2844705.stratoserver.net\/wp-content\/uploads\/2016\/11\/Steinbruch_small-768x660.jpg 768w, https:\/\/h2844705.stratoserver.net\/wp-content\/uploads\/2016\/11\/Steinbruch_small.jpg 1027w\" sizes=\"auto, (max-width: 600px) 100vw, 600px\" \/><\/p>\n<p>[maxbutton id=&#8220;1&#8243;]<\/p>\n","protected":false},"excerpt":{"rendered":"<p>Sie ben\u00f6tigen verzerrungsfreie, hochaufl\u00f6sende Luftbilder als Kartengrundlage, als Basisdaten f\u00fcr GIS oder als Marketinginstrument? Dann wenden Sie sich an uns. Wir bieten hochwertige Orthophotos, die auf Grund der Qualit\u00e4t der Kamera und der geringen Flugh\u00f6he hochaufl\u00f6send, farbecht und detailgetreu sind. Im Gegensatz zu der klassischen Luftbildauswertung, wo jedes Luftbild einzeln entzerrt wird, werden hier ganze<\/p>\n<p><a href=\"https:\/\/h2844705.stratoserver.net\/?page_id=489\" class=\"more-link themebutton\">Read More<\/a><\/p>\n","protected":false},"author":1,"featured_media":0,"parent":0,"menu_order":0,"comment_status":"closed","ping_status":"closed","template":"","meta":{"footnotes":""},"class_list":["post-489","page","type-page","status-publish","hentry"],"_links":{"self":[{"href":"https:\/\/h2844705.stratoserver.net\/index.php?rest_route=\/wp\/v2\/pages\/489","targetHints":{"allow":["GET"]}}],"collection":[{"href":"https:\/\/h2844705.stratoserver.net\/index.php?rest_route=\/wp\/v2\/pages"}],"about":[{"href":"https:\/\/h2844705.stratoserver.net\/index.php?rest_route=\/wp\/v2\/types\/page"}],"author":[{"embeddable":true,"href":"https:\/\/h2844705.stratoserver.net\/index.php?rest_route=\/wp\/v2\/users\/1"}],"replies":[{"embeddable":true,"href":"https:\/\/h2844705.stratoserver.net\/index.php?rest_route=%2Fwp%2Fv2%2Fcomments&post=489"}],"version-history":[{"count":0,"href":"https:\/\/h2844705.stratoserver.net\/index.php?rest_route=\/wp\/v2\/pages\/489\/revisions"}],"wp:attachment":[{"href":"https:\/\/h2844705.stratoserver.net\/index.php?rest_route=%2Fwp%2Fv2%2Fmedia&parent=489"}],"curies":[{"name":"wp","href":"https:\/\/api.w.org\/{rel}","templated":true}]}}